 = t**3 - t**2 + 2. What is b(y)?
20
Let y(r) = 28 + 97003*r - r**2 - 48501*r - 48494*r. Calculate y(11).
-5
Let c = -12670 + 12670. Let b(x) = -2*x + 31. What is b(c)?
31
Suppose 0 = l + 5*u + 2, -13 + 2 = -3*l + 2*u. Let h be (3/(-2))/(12/(-16)). Let r(i) = -i**3 + 4 + 3*i**3 - i**3 - 2*i**h. What is r(l)?
13
Let l be 10*3/15*2. Let r be -4 - (-12)/l - 5. Let v(h) = 3*h + 6. Determine v(r).
-12
Suppose -55 = -5*x + 5*q, -3*x - 5*q + 2*q + 15 = 0. Suppose u = x*u + 616. Let y = u - -92. Let v(m) = -2*m + 5. Give v(y).
-3
Let w(n) be the first derivative of -143*n**4/4 - n**3 + n**2 + 8998. Determine w(1).
-144
Let h(f) = -11*f**3 + f**2 - 23*f + 4. Let r(v) = 7*v**3 - v**2 + 15*v - 3. Let y(i) = -5*h(i) - 8*r(i). Let c = 365 - 514. Let j = c - -152. Give y(j).
-11
Let m(w) = 81*w**2 + 98*w**2 - 3 + 4*w - 170*w**2. Give m(1).
10
Suppose 3*j - 23 = -2*s, -s + 3*j = j - 1. Let y(a) = -s*a**2 + 13*a**2 - 8*a + 8 - 7*a**2. Let h(z) = -z**2 + 4*z - 3. Let q be h(5). Determine y(q).
8
Let m(q) = 15*q**2 + 139 - 2*q - 22*q**2 - 138 + 20*q**2. Suppose 3*z + 0*z = 0. Let d = z - -1. Determine m(d).
12
Let p(y) = y - 5. Let m be p(7). Let w(s) = 2*s**2 - 38*s - 35. Let u be w(22). Let i(c) = -3 - 101*c + u*c + m. Determine i(2).
-9
Let f be 5/(-10)*(2 - 3 - -1). Let h(n) = n**3 - n**2 - 2*n - 50. Determine h(f).
-50
Let k = 14 - 10. Suppose -k*c = -21 - 7. Let v(w) be the third derivative of -w**6/120 + 7*w**5/60 - w**3/6 - 114*w**2. What is v(c)?
-1
Let u(n) be the first derivative of -11*n + 7/3*n**3 - 89 - 1/4*n**4 + 9/2*n**2. Calculate u(8).
-3
Let x(y) = -y**3 - 6*y**2 + 33*y - 67. Let z be x(-10). Suppose -1 = 3*t + 2. Let q be 2/(2/(t - (3 - z))). Let p(d) = -d**2 + 1. What is p(q)?
0
Let x(c) = c**3 + 15*c**2 - 35*c - 24. Let k be x(-17). Let u(r) be the third derivative of 0 + 0*r + 2/3*r**3 + 1/12*r**4 + 8*r**2. Calculate u(k).
-10
Let w be 6232/820 - (-16)/(-10). Let b(k) = -k**3 + 5*k**2 + 5*k + 16. Calculate b(w).
10
Let c = 8 - 5. Suppose -7*s = -8*s + o + 8, 5*o + 22 = -s. Let j(h) = -6*h**2 - 36*h**3 + 69*h**s + 6 - 34*h**c. Give j(-6).
6
Let z = -5467 + 5475. Let b(u) = -4*u + 38. Calculate b(z).
6
Let l(d) = -d**2 - 12*d + 2. Let v(a) = 9*a**2 + 92*a - 27. Let i(t) = 8*l(t) + v(t). Determine i(6).
1
Let n(p) be the third derivative of -p**4/12 - 3*p**3/2 + 14*p**2. Let g be n(-6). Let s(u) = 4*u**2 + 4*u**3 - 4*u + 3 + 7*u**3 - 12*u**g. Determine s(3).
0
Let u(x) be the third derivative of -x**5/60 + 3*x**4/8 - 5*x**3/6 - 76*x**2 + 2*x + 13. Determine u(7).
9
Let z(o) be the third derivative of -1/3*o**3 + 1/20*o**5 + 0 - 281*o**2 + 0*o + 1/12*o**4 - 1/120*o**6. Suppose -2 + 12 = 5*n. Determine z(n).
6
Let z(l) = 4*l**2 - l + 7. Let g(q) = -5*q**2 + 2*q - 8. Let u(n) = 5*g(n) + 6*z(n). Suppose -2903 = 55*p - 3233. Determine u(p).
-10
Let a(d) = -21*d**3 + 11*d**2 - 21*d**3 + 0*d**2 - 5*d**2 - 11 + 41*d**3 + 4*d. Determine a(8).
-107
Suppose -5*f + y + 10 = 4*y, 3*f + y = 6. Suppose -f*q - 1 = -5. Let j(w) = 3*w + 12 + 1 - 8 + w**q. Give j(-4).
9
Let x(h) = -3*h - 5. Let l(p) = -p**2 + 28*p. Let y(g) = -8*g - 28. Let s be y(-7). Let n be l(s). Let v be x(n). Let m(d) = -d**2 - 4*d. What is m(v)?
-5
Suppose -2*m + 4*n - 568 = -4*m, n = -4*m + 1115. Let t = m + -275. Let s(p) = -2*p**2 + 2. What is s(t)?
-16
Let w(a) = -6*a - a**2 - 3 - 5*a + 11*a - 4*a. Let k be 32/64 - (57/6 + -2). Determine w(k).
-24
Let t(q) = -q**2 - q + 78. Let x be t(-9). Let u(p) = -2*p - 5*p + 3*p - p + x - 2. Give u(-7).
39
Let x(z) be the third derivative of -7*z**4/12 - 77*z**3/6 + 2*z**2 - 1059*z. Give x(-6).
7
Let f(t) = t - 36. Let w(v) = v**3 - 17*v**2 + 11*v + 95. Let z be w(16). What is f(z)?
-21
Let i(a) be the second derivative of a**4/12 - 5*a**3/6 - 41*a**2/2 + 23*a + 98. Determine i(9).
-5
Let k(t) be the first derivative of 2*t**3/3 - 4*t**2 + 10*t + 713. What is k(4)?
10
Let b(c) be the second derivative of -c**5/20 + c**3/6 + c**2 - 14*c + 1. Suppose -8 = -5*z - 2*a, -z - 4 + 2 = 4*a. Give b(z).
-4
Let h(p) = -p**2 - 1 + 1 + 1 + 3*p - 2. Suppose 10 = -5*l - 5. Let a(g) = 8*g + 29. Let v be a(l). Calculate h(v).
-11
Let i be -2*(-6 + 10/2). Let a(n) = -18*n + n**i - 3 - 2*n - 2 + 17*n. What is a(5)?
5
Suppose 4*o + 78 = -5*t, 4*o + 2*t = -38 - 34. Let h = 21 + o. Let w(r) = -6*r - 9*r**2 - h*r + 4*r + 9 - r**3. Determine w(-8).
-7
Let k(g) = 30*g + 14 - 75*g + 50*g. Give k(6).
44
Let m(g) = 4*g**2 - 22*g - 8. Let y = -1674 + 1680. Give m(y).
4
Suppose 4*u + 13 = -7. Let g be -2 + 9 - (0/(-9))/6. Let p(n) = -7*n + 8. Let y(t) = -10*t + 12. Let m(q) = g*p(q) - 5*y(q). Determine m(u).
-9
Let w(b) = 6*b**2 - 21*b + 4. Let g(a) = a**2 + 19*a + 93. Let r be g(-9). Determine w(r).
-5
Let k be (6/2)/(3/2). Suppose 3*q = -5*x - 20, 0 = k*q - 4*q + 2*x - 8. Let d(s) be the third derivative of s**5/60 + s**4/6 + 5*s**3/6 - 21*s**2. Give d(q).
10
Let r(z) = -48 + 658*z**2 - 40 - 659*z**2 - 131*z + 152*z. Calculate r(14).
10
Let y(x) = 2*x**3 - 30*x**2 + 32*x - 62. Let l be y(14). Let d(w) = 17*w + 3. Determine d(l).
-99
Let h(l) be the first derivative of l**4/4 + 2*l**3 - 7*l**2/2 - 3*l - 1. Suppose 7*g + 3*c + 34 = 0, -301*g + 36 = -304*g + 3*c. Give h(g).
-3
Let j(k) = -k**3 + 14*k**2 - 9*k + 11. Let q be ((-1700)/(-85))/((-10)/(-6)). Determine j(q).
191
Let q = 55 + -53. Let z(k) = -80 - 5*k + 83 - q*k**2 + k. Let u be z(1). Let c(d) = 6*d + 3. What is c(u)?
-15
Let m(f) = 5*f - 4. Let p(z) = -z - 1. Let u(i) = m(i) + 6*p(i). Let c be u(-11). Suppose 3*n + c + 8 = 0. Let t(q) = q - 3. Determine t(n).
-6
Let g(v) = 120 + 5*v - 46 - 34*v + 9*v - 57. What is g(5)?
-83
Let j = -7 - -7. Suppose 4*g + j*g - 24 = 0. Let c(o) = -8 - 15*o**2 - 2*o - 19*o**2 + 77*o**2 - 24*o**2 + o**3 - 24*o**2. What is c(g)?
16
Let h(k) be the third derivative of 19*k**6/60 - k**5/60 - k**4/6 - k**3/3 - 575*k**2 + 1. What is h(-1)?
-37
Let i(x) = -3*x**3 - 17*x**2 + 11*x - 6. Let h(c) = -17*c**3 - 90*c**2 + 54*c - 29. Let g(s) = -2*h(s) + 11*i(s). Give g(4).
-4
Let j(u) = 47*u + 4*u**2 - 76*u - 4 + 26*u. Determine j(-1).
3
Let g(o) = 13*o**2 + 3*o - 3241 + 1621 + 1618. Calculate g(-1).
8
Let u = -18412 - -18389. Let t(p) = -p**3 - 24*p**2 - 25*p - 46. Determine t(u).
0
Let u(b) = -b**3 + 6*b**2 + 3*b - 4. Suppose 132*m - 1517 = -593. Calculate u(m).
-32
Let n(k) = 16*k**2 + 5*k + 3. Let f be 224/(-40) - -6 - 56/40. Determine n(f).
14
Let g(s) be the first derivative of -s**3/3 - 9*s**2 + 6*s - 3404. Calculate g(-18).
6
Let x = -5086 - -5109. Let s(m) = -m**2 + 23*m + 2. Give s(x).
2
Let p be (141/282)/((-2)/20). Let b(k) = 2*k**2 + 9*k + 12. What is b(p)?
17
Let c(a) = -2*a**2 + 22*a - 53. Let n be c(4). Let k(w) = -3*w + 2. Determine k(n).
-7
Let r(c) = 2*c - 5. Let b(l) = l - 3. Let d(j) = -13*b(j) + 6*r(j). Let s be d(-4). Let u(f) = -s*f + 4*f + 11*f. Calculate u(1).
2
Let b(v) = -v**2 - 2*v - 1. Let l(k) = 7*k**2 + 25*k + 9. Let n(a) = -5*b(a) - l(a). Determine n(-8).
-12
Suppose 5*x - 143 = -4*b - 116, 2*x + 6 = 4*b. Let n(i) = -10*i - 3. Let z(y) = -11*y - 4. Let d(h) = -6*n(h) + 5*z(h). What is d(x)?
13
Let x(w) = -w**3 + 17*w**2 - w + 16. Let h(g) = 37*g + 1534. Let n be h(-41). Calculate x(n).
-1
Let b(t) = t - 7 + t**2 + 3 - 2*t**2. Let p = 36 - 36. Give b(p).
-4
Let u(i) be the first derivative of -i**3/3 + 6*i**2 - 6*i + 9. Let v be u(11). Let g(p) be the first derivative of p**3/3 - 2*p**2 + 905. What is g(v)?
5
Let c(y) = 42*y + 125. Let x be (1 - 5)*(6 + (-21)/6) + 7. Give c(x).
-1
Let b = 141 + -138. Suppose 3*o = -b*v - 33, -5*v - 46 = o + 3*o. Let q(u) = -u**2 - 9*u - 3. Determine q(o).
-3
Let z(d) = -3*d**2 - 17*d + 3. Let t(j) = -j**2 - 8*j + 2. Let v(c) = 5*t(c) - 2*z(c). Suppose -8*o + 54 = -5*o. Suppose 8*l + o = 58. Determine v(l).
-1
Let u(p) be the second derivative of p**5/20 - 3*p**4/2 - 19*p**3/6 - 1147*p. Calculate u(19).
0
Let w be ((-27)/4)/((-33)/(-352)). Let c be ((-10)/(-4))/((-4)/(-104)). Let x = w + c. Let y(q) = -q**3 - 6*q**2 + 7*q + 5. Determine y(x).
5
Suppose -2*j - 4*m + 6 = 0, 0*j + 15 = 5*j + 2*m. Let p(f) = 3*f + 86. Let s be p(-28). Let b(l) = 1 - j*l + l + 4*l - 3*l**2 + s*l**3 + 0*l. Give b(2).
9
Let o(k) = 28*k**3 - 6*k**2 + 24*k - 20. Let z(y) = -6*y**3 - y**2 - y. Let t(w) = o(w) + 5*z(w). What is t(-7)?
-6
Let b(h) = 4*h**